{"id":1229,"date":"2020-08-14T16:38:48","date_gmt":"2020-08-14T14:38:48","guid":{"rendered":"http:\/\/www.ch-semur.fr\/?page_id=1229"},"modified":"2021-03-26T09:52:04","modified_gmt":"2021-03-26T08:52:04","slug":"medecine","status":"publish","type":"page","link":"http:\/\/www.ch-semur.fr\/index.php\/medecine\/","title":{"rendered":"M\u00e9decine"},"content":{"rendered":"<div data-id='initial-content-section' data-export-id='initial-content-section' data-label='Initial Content' id='initial-content-section' class='content-section content-section-spacing'>\r\n   <div class='gridContainer'>\r\n     <div class='row'>\r\n\r\n        <div class='col-xs-12 col-sm-12'>                <p><\/p>\r\n<p class=\"has-text-align-center has-cyan-bluish-gray-color has-text-color\" style=\"font-size:45px\"><strong>M\u00c9DECINE<\/strong><\/p>\r\n<p><\/p>\r\n<p><\/p>\r\n<div style=\"height:20px\" aria-hidden=\"true\" class=\"wp-block-spacer\"><\/div>\r\n<p><\/p>\r\n<p><\/p>\r\n<hr class=\"wp-block-separator is-style-wide\"\/>\r\n<\/p>\r\n<p><\/p>\r\n<h4 class=\"wp-block-heading\">Le Centre Hospitalier de Semur-en-Auxois dispose de <strong><span style=\"color:#e22b68\" class=\"has-inline-color\">nombreux services m\u00e9dicaux<\/span><\/strong> afin d&rsquo;offrir une r\u00e9ponse aux besoins de sant\u00e9 de la population. L&rsquo;\u00e9tablissement couvre la quasi-totalit\u00e9 des disciplines de m\u00e9decine gr\u00e2ce \u00e0 une <strong><span style=\"color:#e22b68\" class=\"has-inline-color\">large gamme d\u2019activit\u00e9s<\/span><\/strong> et de ressources permettant le diagnostic, les soins, la <strong><span style=\"color:#e22b68\" class=\"has-inline-color\">pr\u00e9vention et l\u2019\u00e9ducation \u00e0 la sant\u00e9<\/span><\/strong>.<\/h4>\r\n<p><\/p>\r\n<p><\/p>\r\n<div style=\"height:54px\" aria-hidden=\"true\" class=\"wp-block-spacer\"><\/div>\r\n<p><\/p>\r\n<p><\/p>\r\n<div class=\"wp-block-columns is-layout-flex wp-container-core-columns-is-layout-9d6595d7 wp-block-columns-is-layout-flex\"><\/p>\r\n<div class=\"wp-block-column is-layout-flow wp-block-column-is-layout-flow\"><\/p>\r\n<figure class=\"wp-block-image size-large\"><img loading=\"lazy\" decoding=\"async\" width=\"500\" height=\"400\" src=\"http:\/\/www.ch-semur.fr\/wp-content\/uploads\/2020\/08\/Diabetologie-endocrinologie-500x400.jpg\" alt=\"Bouton Diab\u00e9tologie-endocrinologie\" class=\"wp-image-1240\" srcset=\"http:\/\/www.ch-semur.fr\/wp-content\/uploads\/2020\/08\/Diabetologie-endocrinologie-500x400.jpg 500w, http:\/\/www.ch-semur.fr\/wp-content\/uploads\/2020\/08\/Diabetologie-endocrinologie-300x240.jpg 300w, http:\/\/www.ch-semur.fr\/wp-content\/uploads\/2020\/08\/Diabetologie-endocrinologie-768x615.jpg 768w, http:\/\/www.ch-semur.fr\/wp-content\/uploads\/2020\/08\/Diabetologie-endocrinologie-1024x819.jpg 1024w, http:\/\/www.ch-semur.fr\/wp-content\/uploads\/2020\/08\/Diabetologie-endocrinologie.jpg 1181w\" sizes=\"auto, (max-width: 500px) 100vw, 500px\" \/><\/figure>\r\n<p><\/div>\r\n<p><\/p>\r\n<p><\/p>\r\n<div class=\"wp-block-column is-layout-flow wp-block-column-is-layout-flow\"><\/p>\r\n<figure class=\"wp-block-image size-large\"><img loading=\"lazy\" decoding=\"async\" width=\"500\" height=\"399\" src=\"http:\/\/www.ch-semur.fr\/wp-content\/uploads\/2020\/08\/Cance\u0301rologie-500x399.jpg\" alt=\"\" class=\"wp-image-1241\" srcset=\"http:\/\/www.ch-semur.fr\/wp-content\/uploads\/2020\/08\/Cance\u0301rologie-500x399.jpg 500w, http:\/\/www.ch-semur.fr\/wp-content\/uploads\/2020\/08\/Cance\u0301rologie-300x240.jpg 300w, http:\/\/www.ch-semur.fr\/wp-content\/uploads\/2020\/08\/Cance\u0301rologie.jpg 591w\" sizes=\"auto, (max-width: 500px) 100vw, 500px\" \/><\/figure>\r\n<p><\/div>\r\n<p><\/p>\r\n<p><\/p>\r\n<div class=\"wp-block-column is-layout-flow wp-block-column-is-layout-flow\"><\/p>\r\n<figure class=\"wp-block-image size-large\"><img loading=\"lazy\" decoding=\"async\" width=\"500\" height=\"400\" src=\"http:\/\/www.ch-semur.fr\/wp-content\/uploads\/2020\/08\/Nephrologie-500x400.jpg\" alt=\"\" class=\"wp-image-1242\" srcset=\"http:\/\/www.ch-semur.fr\/wp-content\/uploads\/2020\/08\/Nephrologie-500x400.jpg 500w, http:\/\/www.ch-semur.fr\/wp-content\/uploads\/2020\/08\/Nephrologie-300x240.jpg 300w, http:\/\/www.ch-semur.fr\/wp-content\/uploads\/2020\/08\/Nephrologie-768x615.jpg 768w, http:\/\/www.ch-semur.fr\/wp-content\/uploads\/2020\/08\/Nephrologie-1024x819.jpg 1024w, http:\/\/www.ch-semur.fr\/wp-content\/uploads\/2020\/08\/Nephrologie.jpg 1181w\" sizes=\"auto, (max-width: 500px) 100vw, 500px\" \/><\/figure>\r\n<p><\/div>\r\n<p><\/p>\r\n<p><\/p>\r\n<div class=\"wp-block-column is-layout-flow wp-block-column-is-layout-flow\"><\/p>\r\n<figure class=\"wp-block-image size-large\"><a href=\"https:\/\/www.ch-semur.fr\/index.php\/hepato-gastro-enterologie\/?preview_id=2486&amp;preview_nonce=bfa96738a3&amp;preview=true\"><img loading=\"lazy\" decoding=\"async\" width=\"500\" height=\"400\" src=\"https:\/\/www.ch-semur.fr\/wp-content\/uploads\/2020\/09\/He\u0301pato-Gastro-Ente\u0301rologie-1-500x400.jpg\" alt=\"\" class=\"wp-image-1456\" srcset=\"http:\/\/www.ch-semur.fr\/wp-content\/uploads\/2020\/09\/He\u0301pato-Gastro-Ente\u0301rologie-1-500x400.jpg 500w, http:\/\/www.ch-semur.fr\/wp-content\/uploads\/2020\/09\/He\u0301pato-Gastro-Ente\u0301rologie-1-300x240.jpg 300w, http:\/\/www.ch-semur.fr\/wp-content\/uploads\/2020\/09\/He\u0301pato-Gastro-Ente\u0301rologie-1-768x615.jpg 768w, http:\/\/www.ch-semur.fr\/wp-content\/uploads\/2020\/09\/He\u0301pato-Gastro-Ente\u0301rologie-1-1024x819.jpg 1024w, http:\/\/www.ch-semur.fr\/wp-content\/uploads\/2020\/09\/He\u0301pato-Gastro-Ente\u0301rologie-1.jpg 1181w\" sizes=\"auto, (max-width: 500px) 100vw, 500px\" \/><\/a><\/figure>\r\n<p><\/div>\r\n<p><\/p>\r\n<p><\/p>\r\n<div class=\"wp-block-column is-layout-flow wp-block-column-is-layout-flow\"><\/p>\r\n<figure class=\"wp-block-image size-large\"><img loading=\"lazy\" decoding=\"async\" width=\"500\" height=\"400\" src=\"http:\/\/www.ch-semur.fr\/wp-content\/uploads\/2020\/08\/Rhumatologie-500x400.jpg\" alt=\"\" class=\"wp-image-1250\" srcset=\"http:\/\/www.ch-semur.fr\/wp-content\/uploads\/2020\/08\/Rhumatologie-500x400.jpg 500w, http:\/\/www.ch-semur.fr\/wp-content\/uploads\/2020\/08\/Rhumatologie-300x240.jpg 300w, http:\/\/www.ch-semur.fr\/wp-content\/uploads\/2020\/08\/Rhumatologie-768x615.jpg 768w, http:\/\/www.ch-semur.fr\/wp-content\/uploads\/2020\/08\/Rhumatologie-1024x819.jpg 1024w, http:\/\/www.ch-semur.fr\/wp-content\/uploads\/2020\/08\/Rhumatologie.jpg 1181w\" sizes=\"auto, (max-width: 500px) 100vw, 500px\" \/><\/figure>\r\n<p><\/div>\r\n<p><\/div>\r\n<p><\/p>\r\n<p><\/p>\r\n<div class=\"wp-block-columns is-layout-flex wp-container-core-columns-is-layout-9d6595d7 wp-block-columns-is-layout-flex\"><\/p>\r\n<div class=\"wp-block-column is-layout-flow wp-block-column-is-layout-flow\"><\/p>\r\n<figure class=\"wp-block-image size-large\"><img loading=\"lazy\" decoding=\"async\" width=\"500\" height=\"400\" src=\"http:\/\/www.ch-semur.fr\/wp-content\/uploads\/2020\/08\/Geriatrie-memoire-500x400.jpg\" alt=\"\" class=\"wp-image-1252\" srcset=\"http:\/\/www.ch-semur.fr\/wp-content\/uploads\/2020\/08\/Geriatrie-memoire-500x400.jpg 500w, http:\/\/www.ch-semur.fr\/wp-content\/uploads\/2020\/08\/Geriatrie-memoire-300x240.jpg 300w, http:\/\/www.ch-semur.fr\/wp-content\/uploads\/2020\/08\/Geriatrie-memoire-768x615.jpg 768w, http:\/\/www.ch-semur.fr\/wp-content\/uploads\/2020\/08\/Geriatrie-memoire-1024x819.jpg 1024w, http:\/\/www.ch-semur.fr\/wp-content\/uploads\/2020\/08\/Geriatrie-memoire.jpg 1181w\" sizes=\"auto, (max-width: 500px) 100vw, 500px\" \/><\/figure>\r\n<p><\/div>\r\n<p><\/p>\r\n<p><\/p>\r\n<div class=\"wp-block-column is-layout-flow wp-block-column-is-layout-flow\"><\/p>\r\n<figure class=\"wp-block-image size-large\"><img loading=\"lazy\" decoding=\"async\" width=\"500\" height=\"400\" src=\"http:\/\/www.ch-semur.fr\/wp-content\/uploads\/2020\/08\/Cardiologie-500x400.jpg\" alt=\"\" class=\"wp-image-1256\" srcset=\"http:\/\/www.ch-semur.fr\/wp-content\/uploads\/2020\/08\/Cardiologie-500x400.jpg 500w, http:\/\/www.ch-semur.fr\/wp-content\/uploads\/2020\/08\/Cardiologie-300x240.jpg 300w, http:\/\/www.ch-semur.fr\/wp-content\/uploads\/2020\/08\/Cardiologie-768x615.jpg 768w, http:\/\/www.ch-semur.fr\/wp-content\/uploads\/2020\/08\/Cardiologie-1024x819.jpg 1024w, http:\/\/www.ch-semur.fr\/wp-content\/uploads\/2020\/08\/Cardiologie.jpg 1181w\" sizes=\"auto, (max-width: 500px) 100vw, 500px\" \/><\/figure>\r\n<p><\/div>\r\n<p><\/p>\r\n<p><\/p>\r\n<div class=\"wp-block-column is-layout-flow wp-block-column-is-layout-flow\"><\/p>\r\n<figure class=\"wp-block-image size-large\"><img loading=\"lazy\" decoding=\"async\" width=\"500\" height=\"400\" src=\"http:\/\/www.ch-semur.fr\/wp-content\/uploads\/2020\/08\/Neurologie-500x400.jpg\" alt=\"\" class=\"wp-image-1258\" srcset=\"http:\/\/www.ch-semur.fr\/wp-content\/uploads\/2020\/08\/Neurologie-500x400.jpg 500w, http:\/\/www.ch-semur.fr\/wp-content\/uploads\/2020\/08\/Neurologie-300x240.jpg 300w, http:\/\/www.ch-semur.fr\/wp-content\/uploads\/2020\/08\/Neurologie-768x615.jpg 768w, http:\/\/www.ch-semur.fr\/wp-content\/uploads\/2020\/08\/Neurologie-1024x819.jpg 1024w, http:\/\/www.ch-semur.fr\/wp-content\/uploads\/2020\/08\/Neurologie.jpg 1181w\" sizes=\"auto, (max-width: 500px) 100vw, 500px\" \/><\/figure>\r\n<p><\/div>\r\n<p><\/p>\r\n<p><\/p>\r\n<div class=\"wp-block-column is-layout-flow wp-block-column-is-layout-flow\"><\/p>\r\n<figure class=\"wp-block-image size-large\"><img loading=\"lazy\" decoding=\"async\" width=\"500\" height=\"400\" src=\"http:\/\/www.ch-semur.fr\/wp-content\/uploads\/2020\/08\/Pneumologie-500x400.jpg\" alt=\"\" class=\"wp-image-1261\" srcset=\"http:\/\/www.ch-semur.fr\/wp-content\/uploads\/2020\/08\/Pneumologie-500x400.jpg 500w, http:\/\/www.ch-semur.fr\/wp-content\/uploads\/2020\/08\/Pneumologie-300x240.jpg 300w, http:\/\/www.ch-semur.fr\/wp-content\/uploads\/2020\/08\/Pneumologie-768x615.jpg 768w, http:\/\/www.ch-semur.fr\/wp-content\/uploads\/2020\/08\/Pneumologie-1024x819.jpg 1024w, http:\/\/www.ch-semur.fr\/wp-content\/uploads\/2020\/08\/Pneumologie.jpg 1181w\" sizes=\"auto, (max-width: 500px) 100vw, 500px\" \/><\/figure>\r\n<p><\/div>\r\n<p><\/p>\r\n<p><\/p>\r\n<div class=\"wp-block-column is-layout-flow wp-block-column-is-layout-flow\"><\/p>\r\n<figure class=\"wp-block-image size-large\"><img loading=\"lazy\" decoding=\"async\" width=\"500\" height=\"400\" src=\"http:\/\/www.ch-semur.fr\/wp-content\/uploads\/2020\/08\/Pe\u0301diatrie-500x400.jpg\" alt=\"\" class=\"wp-image-1264\" srcset=\"http:\/\/www.ch-semur.fr\/wp-content\/uploads\/2020\/08\/Pe\u0301diatrie-500x400.jpg 500w, http:\/\/www.ch-semur.fr\/wp-content\/uploads\/2020\/08\/Pe\u0301diatrie-300x240.jpg 300w, http:\/\/www.ch-semur.fr\/wp-content\/uploads\/2020\/08\/Pe\u0301diatrie-768x615.jpg 768w, http:\/\/www.ch-semur.fr\/wp-content\/uploads\/2020\/08\/Pe\u0301diatrie-1024x819.jpg 1024w, http:\/\/www.ch-semur.fr\/wp-content\/uploads\/2020\/08\/Pe\u0301diatrie.jpg 1181w\" sizes=\"auto, (max-width: 500px) 100vw, 500px\" \/><\/figure>\r\n<p><\/div>\r\n<p><\/div>\r\n<p><\/p>\r\n<p><\/p>\r\n<div class=\"wp-block-group\"><div class=\"wp-block-group__inner-container\">\r\n<div class=\"wp-block-group__inner-container is-layout-flow wp-block-group-is-layout-flow\"><\/p>\r\n<div class=\"wp-block-columns is-layout-flex wp-container-core-columns-is-layout-9d6595d7 wp-block-columns-is-layout-flex\"><\/p>\r\n<div class=\"wp-block-column is-layout-flow wp-block-column-is-layout-flow\"><\/p>\r\n<figure class=\"wp-block-image size-large\"><img loading=\"lazy\" decoding=\"async\" width=\"500\" height=\"400\" src=\"http:\/\/www.ch-semur.fr\/wp-content\/uploads\/2020\/08\/Reeducation-500x400.jpg\" alt=\"\" class=\"wp-image-1266\" srcset=\"http:\/\/www.ch-semur.fr\/wp-content\/uploads\/2020\/08\/Reeducation-500x400.jpg 500w, http:\/\/www.ch-semur.fr\/wp-content\/uploads\/2020\/08\/Reeducation-300x240.jpg 300w, http:\/\/www.ch-semur.fr\/wp-content\/uploads\/2020\/08\/Reeducation-768x615.jpg 768w, http:\/\/www.ch-semur.fr\/wp-content\/uploads\/2020\/08\/Reeducation-1024x819.jpg 1024w, http:\/\/www.ch-semur.fr\/wp-content\/uploads\/2020\/08\/Reeducation.jpg 1181w\" sizes=\"auto, (max-width: 500px) 100vw, 500px\" \/><\/figure>\r\n<p><\/div>\r\n<p><\/p>\r\n<p><\/p>\r\n<div class=\"wp-block-column is-layout-flow wp-block-column-is-layout-flow\"><\/p>\r\n<figure class=\"wp-block-image size-large\"><a href=\"https:\/\/www.ch-semur.fr\/?page_id=2568&amp;preview=true\"><img loading=\"lazy\" decoding=\"async\" width=\"500\" height=\"400\" src=\"https:\/\/www.ch-semur.fr\/wp-content\/uploads\/2020\/08\/Ophtalmologie-500x400.jpg\" alt=\"\" class=\"wp-image-1299\" srcset=\"http:\/\/www.ch-semur.fr\/wp-content\/uploads\/2020\/08\/Ophtalmologie-500x400.jpg 500w, http:\/\/www.ch-semur.fr\/wp-content\/uploads\/2020\/08\/Ophtalmologie-300x240.jpg 300w, http:\/\/www.ch-semur.fr\/wp-content\/uploads\/2020\/08\/Ophtalmologie-768x615.jpg 768w, http:\/\/www.ch-semur.fr\/wp-content\/uploads\/2020\/08\/Ophtalmologie-1024x819.jpg 1024w, http:\/\/www.ch-semur.fr\/wp-content\/uploads\/2020\/08\/Ophtalmologie.jpg 1181w\" sizes=\"auto, (max-width: 500px) 100vw, 500px\" \/><\/a><\/figure>\r\n<p><\/div>\r\n<p><\/p>\r\n<p><\/p>\r\n<div class=\"wp-block-column is-layout-flow wp-block-column-is-layout-flow\"><\/div>\r\n<p><\/p>\r\n<p><\/p>\r\n<div class=\"wp-block-column is-layout-flow wp-block-column-is-layout-flow\"><\/div>\r\n<p><\/p>\r\n<p><\/p>\r\n<div class=\"wp-block-column is-layout-flow wp-block-column-is-layout-flow\"><\/div>\r\n<p><\/div>\r\n<p><\/div>\r\n<\/div><\/div>\r\n<p><\/p>\r\n<p><\/p>\r\n<div style=\"height:20px\" aria-hidden=\"true\" class=\"wp-block-spacer\"><\/div>\r\n<p><\/p>\r\n<p><\/p>\r\n<p><\/p>\r\n\r\n          <\/div>\r\n      <\/div>\r\n  <\/div>\r\n<\/div>\r\n","protected":false},"excerpt":{"rendered":"<p>M\u00c9DECINE Le Centre Hospitalier de Semur-en-Auxois dispose de nombreux services m\u00e9dicaux afin d&rsquo;offrir une r\u00e9ponse aux besoins de sant\u00e9 de la population. L&rsquo;\u00e9tablissement couvre la quasi-totalit\u00e9 des disciplines de m\u00e9decine gr\u00e2ce \u00e0 une large gamme d\u2019activit\u00e9s et de ressources permettant le diagnostic, les soins, la pr\u00e9vention et l\u2019\u00e9ducation \u00e0 la sant\u00e9.<\/p>\n","protected":false},"author":2,"featured_media":0,"parent":0,"menu_order":0,"comment_status":"closed","ping_status":"closed","template":"page-templates\/homepage.php","meta":{"footnotes":""},"class_list":["post-1229","page","type-page","status-publish","hentry"],"_links":{"self":[{"href":"http:\/\/www.ch-semur.fr\/index.php\/wp-json\/wp\/v2\/pages\/1229","targetHints":{"allow":["GET"]}}],"collection":[{"href":"http:\/\/www.ch-semur.fr\/index.php\/wp-json\/wp\/v2\/pages"}],"about":[{"href":"http:\/\/www.ch-semur.fr\/index.php\/wp-json\/wp\/v2\/types\/page"}],"author":[{"embeddable":true,"href":"http:\/\/www.ch-semur.fr\/index.php\/wp-json\/wp\/v2\/users\/2"}],"replies":[{"embeddable":true,"href":"http:\/\/www.ch-semur.fr\/index.php\/wp-json\/wp\/v2\/comments?post=1229"}],"version-history":[{"count":25,"href":"http:\/\/www.ch-semur.fr\/index.php\/wp-json\/wp\/v2\/pages\/1229\/revisions"}],"predecessor-version":[{"id":2607,"href":"http:\/\/www.ch-semur.fr\/index.php\/wp-json\/wp\/v2\/pages\/1229\/revisions\/2607"}],"wp:attachment":[{"href":"http:\/\/www.ch-semur.fr\/index.php\/wp-json\/wp\/v2\/media?parent=1229"}],"curies":[{"name":"wp","href":"https:\/\/api.w.org\/{rel}","templated":true}]}}